{"id":1303,"date":"2025-01-31T14:33:10","date_gmt":"2025-01-31T20:33:10","guid":{"rendered":"https:\/\/ea.lcm.go.cr\/?page_id=1303"},"modified":"2025-11-27T13:00:54","modified_gmt":"2025-11-27T19:00:54","slug":"dmf-002-2025-calibracion-de-multimetros","status":"publish","type":"page","link":"https:\/\/ea.lcm.go.cr\/?page_id=1303","title":{"rendered":"DMF-002-2025: Calibraci\u00f3n de mult\u00edmetros"},"content":{"rendered":"\n<div class=\"wp-block-buttons is-layout-flex wp-block-buttons-is-layout-flex\">\n<div class=\"wp-block-button is-style-primary\"><a class=\"wp-block-button__link wp-element-button\" href=\"?page_id=125\">\u2b05\ufe0f Volver a calibraciones en Curso<\/a><\/div>\n<\/div>\n\n\n\n<div style=\"height:35px\" aria-hidden=\"true\" class=\"wp-block-spacer\"><\/div>\n\n\n\n<p>A continuaci\u00f3n podr\u00e1 encontrar y descargar los documentos relacionadas con el ensayo de aptitud DMF-002-2025:<\/p>\n\n\n\n<ul>\n<li><a href=\"https:\/\/drive.google.com\/file\/d\/1EaAFSDRh7uJnXChCj31WhdfyVWICBPYz\/view?usp=sharing\" target=\"_blank\" rel=\"noreferrer noopener\">GS-EM-FM-03 Carta de Invitaci\u00f3n<\/a><\/li>\n\n\n\n<li><a href=\"https:\/\/drive.google.com\/file\/d\/1FeD3Xm38fYlRSTOAJmWk4tPOCAvEFMo6\/view?usp=sharing\" target=\"_blank\" rel=\"noreferrer noopener\">GS-EM-FM-04 Protocolo del ensayo de aptitud (Mayo 2025)<\/a><\/li>\n\n\n\n<li><a href=\"https:\/\/drive.google.com\/uc?id=1FsqyFa7w6KWQ3iESMY4L-pWq1FzN7L-X&amp;export=download&amp;authuser=0\">Anexos para reporte de resultados<\/a><\/li>\n\n\n\n<li><a href=\"https:\/\/drive.google.com\/file\/d\/14lPj8vLyVweNhnqAInqIdF_SlTRnraon\/view?usp=sharing\" target=\"_blank\" rel=\"noreferrer noopener\">GS-EM-FM-14 Informe final de resultados (LACOMET 12922025)<\/a><\/li>\n<\/ul>\n\n\n\n<div style=\"height:20px\" aria-hidden=\"true\" class=\"wp-block-spacer\"><\/div>\n\n\n\n<p>A continuaci\u00f3n podr\u00e1 encontrar el cronograma del presente ensayo de aptitud:<\/p>\n\n\n\n<div style=\"overflow-x: scroll;\">\n<p><iframe loading=\"lazy\" src=\"https:\/\/docs.google.com\/spreadsheets\/d\/e\/2PACX-1vTa90fwusSnuDbxiW1zKUawwNjmG5pY3JLV_yc3Q1-dnrx_ft4mltoavoQVf5FXqmDvSS7v4ijONsN6\/pubhtml?widget=true&amp;headers=false&amp;single=false&amp;chrome=false&amp;gid=247106978\" width=\"665\" height=\"620\" frameborder=\"0\"><\/iframe><\/p>\n<\/div>\n","protected":false},"excerpt":{"rendered":"<p>A continuaci\u00f3n podr\u00e1 encontrar y descargar los documentos relacionadas con el ensayo de aptitud DMF-002-2025: A continuaci\u00f3n podr\u00e1 encontrar el cronograma del presente ensayo de aptitud:<\/p>\n","protected":false},"author":2,"featured_media":0,"parent":0,"menu_order":0,"comment_status":"closed","ping_status":"closed","template":"","meta":{"neve_meta_sidebar":"full-width","neve_meta_container":"","neve_meta_enable_content_width":"on","neve_meta_content_width":100,"neve_meta_title_alignment":"","neve_meta_author_avatar":"","neve_post_elements_order":"","neve_meta_disable_header":"","neve_meta_disable_footer":"","neve_meta_disable_title":"","_ti_tpc_template_sync":false,"_ti_tpc_template_id":"","footnotes":""},"_links":{"self":[{"href":"https:\/\/ea.lcm.go.cr\/index.php?rest_route=\/wp\/v2\/pages\/1303"}],"collection":[{"href":"https:\/\/ea.lcm.go.cr\/index.php?rest_route=\/wp\/v2\/pages"}],"about":[{"href":"https:\/\/ea.lcm.go.cr\/index.php?rest_route=\/wp\/v2\/types\/page"}],"author":[{"embeddable":true,"href":"https:\/\/ea.lcm.go.cr\/index.php?rest_route=\/wp\/v2\/users\/2"}],"replies":[{"embeddable":true,"href":"https:\/\/ea.lcm.go.cr\/index.php?rest_route=%2Fwp%2Fv2%2Fcomments&post=1303"}],"version-history":[{"count":4,"href":"https:\/\/ea.lcm.go.cr\/index.php?rest_route=\/wp\/v2\/pages\/1303\/revisions"}],"predecessor-version":[{"id":1412,"href":"https:\/\/ea.lcm.go.cr\/index.php?rest_route=\/wp\/v2\/pages\/1303\/revisions\/1412"}],"wp:attachment":[{"href":"https:\/\/ea.lcm.go.cr\/index.php?rest_route=%2Fwp%2Fv2%2Fmedia&parent=1303"}],"curies":[{"name":"wp","href":"https:\/\/api.w.org\/{rel}","templated":true}]}}